{"id":304,"date":"2021-05-22T21:25:44","date_gmt":"2021-05-22T21:25:44","guid":{"rendered":"http:\/\/www.sinankumlamamakineleri.com\/?page_id=304"},"modified":"2023-12-26T06:45:46","modified_gmt":"2023-12-26T06:45:46","slug":"basincli-kumlama-odasi","status":"publish","type":"page","link":"https:\/\/www.sinankumlamamakineleri.com\/index.php\/basincli-kumlama-odasi\/","title":{"rendered":"Bas\u0131n\u00e7l\u0131 Kumlama Odas\u0131"},"content":{"rendered":"\t\t<div data-elementor-type=\"wp-page\" data-elementor-id=\"304\" class=\"elementor elementor-304\">\n\t\t\t\t\t\t\t\t\t<section class=\"elementor-section elementor-top-section elementor-element elementor-element-b92dabf elementor-section-boxed elementor-section-height-default elementor-section-height-default\" data-id=\"b92dabf\" data-element_type=\"section\" data-settings=\"{&quot;background_background&quot;:&quot;classic&quot;}\">\n\t\t\t\t\t\t<div class=\"elementor-container elementor-column-gap-default\">\n\t\t\t\t\t<div class=\"elementor-column elementor-col-100 elementor-top-column elementor-element elementor-element-5024ccf6\" data-id=\"5024ccf6\" data-element_type=\"column\">\n\t\t\t<div class=\"elementor-widget-wrap elementor-element-populated\">\n\t\t\t\t\t\t\t\t<div class=\"elementor-element elementor-element-727d96a9 elementor-widget elementor-widget-image\" data-id=\"727d96a9\" data-element_type=\"widget\" data-widget_type=\"image.default\">\n\t\t\t\t<div class=\"elementor-widget-container\">\n\t\t\t\t\t\t\t\t\t\t\t\t\t\t\t<img decoding=\"async\" width=\"1176\" height=\"882\" src=\"https:\/\/www.sinankumlamamakineleri.com\/wp-content\/uploads\/2021\/05\/ATLAS_OTOMOT__V.jpg\" class=\"attachment-full size-full wp-image-358\" alt=\"\" loading=\"lazy\" srcset=\"https:\/\/www.sinankumlamamakineleri.com\/wp-content\/uploads\/2021\/05\/ATLAS_OTOMOT__V.jpg 1176w, https:\/\/www.sinankumlamamakineleri.com\/wp-content\/uploads\/2021\/05\/ATLAS_OTOMOT__V-300x225.jpg 300w, https:\/\/www.sinankumlamamakineleri.com\/wp-content\/uploads\/2021\/05\/ATLAS_OTOMOT__V-1024x768.jpg 1024w, https:\/\/www.sinankumlamamakineleri.com\/wp-content\/uploads\/2021\/05\/ATLAS_OTOMOT__V-768x576.jpg 768w\" sizes=\"(max-width: 1176px) 100vw, 1176px\" \/>\t\t\t\t\t\t\t\t\t\t\t\t\t\t\t<\/div>\n\t\t\t\t<\/div>\n\t\t\t\t<div class=\"elementor-element elementor-element-4d1a5074 elementor-widget elementor-widget-heading\" data-id=\"4d1a5074\" data-element_type=\"widget\" data-widget_type=\"heading.default\">\n\t\t\t\t<div class=\"elementor-widget-container\">\n\t\t\t<h3 class=\"elementor-heading-title elementor-size-large\">Bas\u0131n\u00e7l\u0131 Kabin Kumlama Makinesi\n<\/h3>\t\t<\/div>\n\t\t\t\t<\/div>\n\t\t\t\t<div class=\"elementor-element elementor-element-2ffb4b18 elementor-widget elementor-widget-text-editor\" data-id=\"2ffb4b18\" data-element_type=\"widget\" data-widget_type=\"text-editor.default\">\n\t\t\t\t<div class=\"elementor-widget-container\">\n\t\t\t\t\t\t\t<p><b><strong>Sinan Kumlama Makineleri<\/strong><\/b>\u00a0Kabin Tipi Bas\u0131n\u00e7l\u0131 Kumlama Makinalar\u0131 jet-pulse sistem, otomatik zaman ayarl\u0131, kendini temizleyebilen y\u00fcksek emi\u015f g\u00fcc\u00fcne sahip, geri beslemeli makinalard\u0131r.<\/p><p>Kabin sistemleri, emi\u015fli tip ve bas\u0131n\u00e7l\u0131 tip olarak ikiye ayr\u0131l\u0131r. Emi\u015fli sistemde tabanca kullan\u0131l\u0131r. P\u00fcr\u00fczlendirme ve temizlik bas\u0131n\u00e7l\u0131 sisteme g\u00f6re daha azd\u0131r. Bas\u0131n\u00e7l\u0131 sistemde ise nozul kullan\u0131l\u0131r ve yapt\u0131\u011f\u0131 p\u00fcr\u00fczlendirme daha fazlad\u0131r.<\/p>\t\t\t\t\t\t<\/div>\n\t\t\t\t<\/div>\n\t\t\t\t\t<\/div>\n\t\t<\/div>\n\t\t\t\t\t\t\t<\/div>\n\t\t<\/section>\n\t\t\t\t<section class=\"elementor-section elementor-top-section elementor-element elementor-element-6bb22c44 elementor-section-boxed elementor-section-height-default elementor-section-height-default\" data-id=\"6bb22c44\" data-element_type=\"section\">\n\t\t\t\t\t\t<div class=\"elementor-container elementor-column-gap-default\">\n\t\t\t\t\t<div class=\"elementor-column elementor-col-100 elementor-top-column elementor-element elementor-element-576f9073\" data-id=\"576f9073\" data-element_type=\"column\">\n\t\t\t<div class=\"elementor-widget-wrap elementor-element-populated\">\n\t\t\t\t\t\t\t\t<div class=\"elementor-element elementor-element-3dbab916 gallery-spacing-custom elementor-widget elementor-widget-image-gallery\" data-id=\"3dbab916\" data-element_type=\"widget\" data-widget_type=\"image-gallery.default\">\n\t\t\t\t<div class=\"elementor-widget-container\">\n\t\t\t\t\t<div class=\"elementor-image-gallery\">\n\t\t\t<div id='gallery-1' class='gallery galleryid-304 gallery-columns-3 gallery-size-thumbnail'><figure class='gallery-item'>\n\t\t\t<div class='gallery-icon landscape'>\n\t\t\t\t<a data-elementor-open-lightbox=\"yes\" data-elementor-lightbox-slideshow=\"3dbab916\" data-e-action-hash=\"#elementor-action%3Aaction%3Dlightbox%26settings%3DeyJpZCI6MzYxLCJ1cmwiOiJodHRwczpcL1wvd3d3LnNpbmFua3VtbGFtYW1ha2luZWxlcmkuY29tXC93cC1jb250ZW50XC91cGxvYWRzXC8yMDIxXC8wNVwvQ0FHUklfMy5qcGciLCJzbGlkZXNob3ciOiIzZGJhYjkxNiJ9\" href='https:\/\/www.sinankumlamamakineleri.com\/wp-content\/uploads\/2021\/05\/CAGRI_3.jpg'><img width=\"150\" height=\"150\" src=\"https:\/\/www.sinankumlamamakineleri.com\/wp-content\/uploads\/2021\/05\/CAGRI_3-150x150.jpg\" class=\"attachment-thumbnail size-thumbnail\" alt=\"\" decoding=\"async\" loading=\"lazy\" \/><\/a>\n\t\t\t<\/div><\/figure><figure class='gallery-item'>\n\t\t\t<div class='gallery-icon landscape'>\n\t\t\t\t<a data-elementor-open-lightbox=\"yes\" data-elementor-lightbox-slideshow=\"3dbab916\" data-e-action-hash=\"#elementor-action%3Aaction%3Dlightbox%26settings%3DeyJpZCI6MzYwLCJ1cmwiOiJodHRwczpcL1wvd3d3LnNpbmFua3VtbGFtYW1ha2luZWxlcmkuY29tXC93cC1jb250ZW50XC91cGxvYWRzXC8yMDIxXC8wNVwvQ0FHUklfMi5qcGciLCJzbGlkZXNob3ciOiIzZGJhYjkxNiJ9\" href='https:\/\/www.sinankumlamamakineleri.com\/wp-content\/uploads\/2021\/05\/CAGRI_2.jpg'><img width=\"150\" height=\"150\" src=\"https:\/\/www.sinankumlamamakineleri.com\/wp-content\/uploads\/2021\/05\/CAGRI_2-150x150.jpg\" class=\"attachment-thumbnail size-thumbnail\" alt=\"\" decoding=\"async\" loading=\"lazy\" \/><\/a>\n\t\t\t<\/div><\/figure><figure class='gallery-item'>\n\t\t\t<div class='gallery-icon landscape'>\n\t\t\t\t<a data-elementor-open-lightbox=\"yes\" data-elementor-lightbox-slideshow=\"3dbab916\" data-e-action-hash=\"#elementor-action%3Aaction%3Dlightbox%26settings%3DeyJpZCI6MzU5LCJ1cmwiOiJodHRwczpcL1wvd3d3LnNpbmFua3VtbGFtYW1ha2luZWxlcmkuY29tXC93cC1jb250ZW50XC91cGxvYWRzXC8yMDIxXC8wNVwvQVRMQVNfT1RPTU9UX19WXzIuanBnIiwic2xpZGVzaG93IjoiM2RiYWI5MTYifQ%3D%3D\" href='https:\/\/www.sinankumlamamakineleri.com\/wp-content\/uploads\/2021\/05\/ATLAS_OTOMOT__V_2.jpg'><img width=\"150\" height=\"150\" src=\"https:\/\/www.sinankumlamamakineleri.com\/wp-content\/uploads\/2021\/05\/ATLAS_OTOMOT__V_2-150x150.jpg\" class=\"attachment-thumbnail size-thumbnail\" alt=\"\" decoding=\"async\" loading=\"lazy\" \/><\/a>\n\t\t\t<\/div><\/figure><figure class='gallery-item'>\n\t\t\t<div class='gallery-icon landscape'>\n\t\t\t\t<a data-elementor-open-lightbox=\"yes\" data-elementor-lightbox-slideshow=\"3dbab916\" data-e-action-hash=\"#elementor-action%3Aaction%3Dlightbox%26settings%3DeyJpZCI6MzU4LCJ1cmwiOiJodHRwczpcL1wvd3d3LnNpbmFua3VtbGFtYW1ha2luZWxlcmkuY29tXC93cC1jb250ZW50XC91cGxvYWRzXC8yMDIxXC8wNVwvQVRMQVNfT1RPTU9UX19WLmpwZyIsInNsaWRlc2hvdyI6IjNkYmFiOTE2In0%3D\" href='https:\/\/www.sinankumlamamakineleri.com\/wp-content\/uploads\/2021\/05\/ATLAS_OTOMOT__V.jpg'><img width=\"150\" height=\"150\" src=\"https:\/\/www.sinankumlamamakineleri.com\/wp-content\/uploads\/2021\/05\/ATLAS_OTOMOT__V-150x150.jpg\" class=\"attachment-thumbnail size-thumbnail\" alt=\"\" decoding=\"async\" loading=\"lazy\" \/><\/a>\n\t\t\t<\/div><\/figure><figure class='gallery-item'>\n\t\t\t<div class='gallery-icon landscape'>\n\t\t\t\t<a data-elementor-open-lightbox=\"yes\" data-elementor-lightbox-slideshow=\"3dbab916\" data-e-action-hash=\"#elementor-action%3Aaction%3Dlightbox%26settings%3DeyJpZCI6NjE1LCJ1cmwiOiJodHRwczpcL1wvd3d3LnNpbmFua3VtbGFtYW1ha2luZWxlcmkuY29tXC93cC1jb250ZW50XC91cGxvYWRzXC8yMDIxXC8wNVwvdW5uYW1lZC1rb3B5YS5qcGciLCJzbGlkZXNob3ciOiIzZGJhYjkxNiJ9\" href='https:\/\/www.sinankumlamamakineleri.com\/wp-content\/uploads\/2021\/05\/unnamed-kopya.jpg'><img width=\"150\" height=\"150\" src=\"https:\/\/www.sinankumlamamakineleri.com\/wp-content\/uploads\/2021\/05\/unnamed-kopya-150x150.jpg\" class=\"attachment-thumbnail size-thumbnail\" alt=\"\" decoding=\"async\" loading=\"lazy\" \/><\/a>\n\t\t\t<\/div><\/figure><figure class='gallery-item'>\n\t\t\t<div class='gallery-icon landscape'>\n\t\t\t\t<a data-elementor-open-lightbox=\"yes\" data-elementor-lightbox-slideshow=\"3dbab916\" data-e-action-hash=\"#elementor-action%3Aaction%3Dlightbox%26settings%3DeyJpZCI6NjE2LCJ1cmwiOiJodHRwczpcL1wvd3d3LnNpbmFua3VtbGFtYW1ha2luZWxlcmkuY29tXC93cC1jb250ZW50XC91cGxvYWRzXC8yMDIxXC8wNVwvQUUuanBnIiwic2xpZGVzaG93IjoiM2RiYWI5MTYifQ%3D%3D\" href='https:\/\/www.sinankumlamamakineleri.com\/wp-content\/uploads\/2021\/05\/AE.jpg'><img width=\"150\" height=\"150\" src=\"https:\/\/www.sinankumlamamakineleri.com\/wp-content\/uploads\/2021\/05\/AE-150x150.jpg\" class=\"attachment-thumbnail size-thumbnail\" alt=\"\" decoding=\"async\" loading=\"lazy\" \/><\/a>\n\t\t\t<\/div><\/figure><figure class='gallery-item'>\n\t\t\t<div class='gallery-icon portrait'>\n\t\t\t\t<a data-elementor-open-lightbox=\"yes\" data-elementor-lightbox-slideshow=\"3dbab916\" data-e-action-hash=\"#elementor-action%3Aaction%3Dlightbox%26settings%3DeyJpZCI6MTAxMiwidXJsIjoiaHR0cHM6XC9cL3d3dy5zaW5hbmt1bWxhbWFtYWtpbmVsZXJpLmNvbVwvd3AtY29udGVudFwvdXBsb2Fkc1wvMjAyM1wvMTJcL0JBU0lOQ0xJLUtBQklOLTEuanBnIiwic2xpZGVzaG93IjoiM2RiYWI5MTYifQ%3D%3D\" data-elementor-lightbox-title=\"BASIN\u00c7LI KAB\u0130N-1\" href='https:\/\/www.sinankumlamamakineleri.com\/wp-content\/uploads\/2023\/12\/BASINCLI-KABIN-1.jpg'><img width=\"150\" height=\"150\" src=\"https:\/\/www.sinankumlamamakineleri.com\/wp-content\/uploads\/2023\/12\/BASINCLI-KABIN-1-150x150.jpg\" class=\"attachment-thumbnail size-thumbnail\" alt=\"\" decoding=\"async\" loading=\"lazy\" \/><\/a>\n\t\t\t<\/div><\/figure><figure class='gallery-item'>\n\t\t\t<div class='gallery-icon portrait'>\n\t\t\t\t<a data-elementor-open-lightbox=\"yes\" data-elementor-lightbox-slideshow=\"3dbab916\" data-e-action-hash=\"#elementor-action%3Aaction%3Dlightbox%26settings%3DeyJpZCI6MTAxMywidXJsIjoiaHR0cHM6XC9cL3d3dy5zaW5hbmt1bWxhbWFtYWtpbmVsZXJpLmNvbVwvd3AtY29udGVudFwvdXBsb2Fkc1wvMjAyM1wvMTJcL0JBU0lOQ0xJLUtBQklOLTIuanBnIiwic2xpZGVzaG93IjoiM2RiYWI5MTYifQ%3D%3D\" data-elementor-lightbox-title=\"BASIN\u00c7LI KAB\u0130N-2\" href='https:\/\/www.sinankumlamamakineleri.com\/wp-content\/uploads\/2023\/12\/BASINCLI-KABIN-2.jpg'><img width=\"150\" height=\"150\" src=\"https:\/\/www.sinankumlamamakineleri.com\/wp-content\/uploads\/2023\/12\/BASINCLI-KABIN-2-150x150.jpg\" class=\"attachment-thumbnail size-thumbnail\" alt=\"\" decoding=\"async\" loading=\"lazy\" \/><\/a>\n\t\t\t<\/div><\/figure><figure class='gallery-item'>\n\t\t\t<div class='gallery-icon portrait'>\n\t\t\t\t<a data-elementor-open-lightbox=\"yes\" data-elementor-lightbox-slideshow=\"3dbab916\" data-e-action-hash=\"#elementor-action%3Aaction%3Dlightbox%26settings%3DeyJpZCI6MTAxNCwidXJsIjoiaHR0cHM6XC9cL3d3dy5zaW5hbmt1bWxhbWFtYWtpbmVsZXJpLmNvbVwvd3AtY29udGVudFwvdXBsb2Fkc1wvMjAyM1wvMTJcL0JBU0lOQ0xJLUtBQklOLTMuanBnIiwic2xpZGVzaG93IjoiM2RiYWI5MTYifQ%3D%3D\" data-elementor-lightbox-title=\"BASIN\u00c7LI KAB\u0130N-3\" href='https:\/\/www.sinankumlamamakineleri.com\/wp-content\/uploads\/2023\/12\/BASINCLI-KABIN-3.jpg'><img width=\"150\" height=\"150\" src=\"https:\/\/www.sinankumlamamakineleri.com\/wp-content\/uploads\/2023\/12\/BASINCLI-KABIN-3-150x150.jpg\" class=\"attachment-thumbnail size-thumbnail\" alt=\"\" decoding=\"async\" loading=\"lazy\" \/><\/a>\n\t\t\t<\/div><\/figure><figure class='gallery-item'>\n\t\t\t<div class='gallery-icon portrait'>\n\t\t\t\t<a data-elementor-open-lightbox=\"yes\" data-elementor-lightbox-slideshow=\"3dbab916\" data-e-action-hash=\"#elementor-action%3Aaction%3Dlightbox%26settings%3DeyJpZCI6MTAxNSwidXJsIjoiaHR0cHM6XC9cL3d3dy5zaW5hbmt1bWxhbWFtYWtpbmVsZXJpLmNvbVwvd3AtY29udGVudFwvdXBsb2Fkc1wvMjAyM1wvMTJcL0JBU0lOQ0xJLUtBQklOLTQuanBnIiwic2xpZGVzaG93IjoiM2RiYWI5MTYifQ%3D%3D\" data-elementor-lightbox-title=\"BASIN\u00c7LI KAB\u0130N-4\" href='https:\/\/www.sinankumlamamakineleri.com\/wp-content\/uploads\/2023\/12\/BASINCLI-KABIN-4.jpg'><img width=\"150\" height=\"150\" src=\"https:\/\/www.sinankumlamamakineleri.com\/wp-content\/uploads\/2023\/12\/BASINCLI-KABIN-4-150x150.jpg\" class=\"attachment-thumbnail size-thumbnail\" alt=\"\" decoding=\"async\" loading=\"lazy\" \/><\/a>\n\t\t\t<\/div><\/figure><figure class='gallery-item'>\n\t\t\t<div class='gallery-icon portrait'>\n\t\t\t\t<a data-elementor-open-lightbox=\"yes\" data-elementor-lightbox-slideshow=\"3dbab916\" data-e-action-hash=\"#elementor-action%3Aaction%3Dlightbox%26settings%3DeyJpZCI6MTAxNiwidXJsIjoiaHR0cHM6XC9cL3d3dy5zaW5hbmt1bWxhbWFtYWtpbmVsZXJpLmNvbVwvd3AtY29udGVudFwvdXBsb2Fkc1wvMjAyM1wvMTJcL0JBU0lOQ0xJLUtBQklOLTUuanBnIiwic2xpZGVzaG93IjoiM2RiYWI5MTYifQ%3D%3D\" data-elementor-lightbox-title=\"BASIN\u00c7LI KAB\u0130N-5\" href='https:\/\/www.sinankumlamamakineleri.com\/wp-content\/uploads\/2023\/12\/BASINCLI-KABIN-5.jpg'><img width=\"150\" height=\"150\" src=\"https:\/\/www.sinankumlamamakineleri.com\/wp-content\/uploads\/2023\/12\/BASINCLI-KABIN-5-150x150.jpg\" class=\"attachment-thumbnail size-thumbnail\" alt=\"\" decoding=\"async\" loading=\"lazy\" \/><\/a>\n\t\t\t<\/div><\/figure><figure class='gallery-item'>\n\t\t\t<div class='gallery-icon portrait'>\n\t\t\t\t<a data-elementor-open-lightbox=\"yes\" data-elementor-lightbox-slideshow=\"3dbab916\" data-e-action-hash=\"#elementor-action%3Aaction%3Dlightbox%26settings%3DeyJpZCI6MTAxNywidXJsIjoiaHR0cHM6XC9cL3d3dy5zaW5hbmt1bWxhbWFtYWtpbmVsZXJpLmNvbVwvd3AtY29udGVudFwvdXBsb2Fkc1wvMjAyM1wvMTJcL0JBU0lOQ0xJLUtBQklOLTYuanBnIiwic2xpZGVzaG93IjoiM2RiYWI5MTYifQ%3D%3D\" data-elementor-lightbox-title=\"BASIN\u00c7LI KAB\u0130N-6\" href='https:\/\/www.sinankumlamamakineleri.com\/wp-content\/uploads\/2023\/12\/BASINCLI-KABIN-6.jpg'><img width=\"150\" height=\"150\" src=\"https:\/\/www.sinankumlamamakineleri.com\/wp-content\/uploads\/2023\/12\/BASINCLI-KABIN-6-150x150.jpg\" class=\"attachment-thumbnail size-thumbnail\" alt=\"\" decoding=\"async\" loading=\"lazy\" \/><\/a>\n\t\t\t<\/div><\/figure><figure class='gallery-item'>\n\t\t\t<div class='gallery-icon landscape'>\n\t\t\t\t<a data-elementor-open-lightbox=\"yes\" data-elementor-lightbox-slideshow=\"3dbab916\" data-e-action-hash=\"#elementor-action%3Aaction%3Dlightbox%26settings%3DeyJpZCI6MTAwNiwidXJsIjoiaHR0cHM6XC9cL3d3dy5zaW5hbmt1bWxhbWFtYWtpbmVsZXJpLmNvbVwvd3AtY29udGVudFwvdXBsb2Fkc1wvMjAyM1wvMTJcL0lNRzIwMjIwOTI4MTcxMDA3LXNjYWxlZC5qcGciLCJzbGlkZXNob3ciOiIzZGJhYjkxNiJ9\" data-elementor-lightbox-title=\"IMG20220928171007\" href='https:\/\/www.sinankumlamamakineleri.com\/wp-content\/uploads\/2023\/12\/IMG20220928171007-scaled.jpg'><img width=\"150\" height=\"150\" src=\"https:\/\/www.sinankumlamamakineleri.com\/wp-content\/uploads\/2023\/12\/IMG20220928171007-150x150.jpg\" class=\"attachment-thumbnail size-thumbnail\" alt=\"\" decoding=\"async\" loading=\"lazy\" \/><\/a>\n\t\t\t<\/div><\/figure><figure class='gallery-item'>\n\t\t\t<div class='gallery-icon portrait'>\n\t\t\t\t<a data-elementor-open-lightbox=\"yes\" data-elementor-lightbox-slideshow=\"3dbab916\" data-e-action-hash=\"#elementor-action%3Aaction%3Dlightbox%26settings%3DeyJpZCI6MTAwNSwidXJsIjoiaHR0cHM6XC9cL3d3dy5zaW5hbmt1bWxhbWFtYWtpbmVsZXJpLmNvbVwvd3AtY29udGVudFwvdXBsb2Fkc1wvMjAyM1wvMTJcL0lNRzIwMjIwOTI4MTcwOTQzLXNjYWxlZC5qcGciLCJzbGlkZXNob3ciOiIzZGJhYjkxNiJ9\" data-elementor-lightbox-title=\"IMG20220928170943\" href='https:\/\/www.sinankumlamamakineleri.com\/wp-content\/uploads\/2023\/12\/IMG20220928170943-scaled.jpg'><img width=\"150\" height=\"150\" src=\"https:\/\/www.sinankumlamamakineleri.com\/wp-content\/uploads\/2023\/12\/IMG20220928170943-150x150.jpg\" class=\"attachment-thumbnail size-thumbnail\" alt=\"\" decoding=\"async\" loading=\"lazy\" \/><\/a>\n\t\t\t<\/div><\/figure><figure class='gallery-item'>\n\t\t\t<div class='gallery-icon portrait'>\n\t\t\t\t<a data-elementor-open-lightbox=\"yes\" data-elementor-lightbox-slideshow=\"3dbab916\" data-e-action-hash=\"#elementor-action%3Aaction%3Dlightbox%26settings%3DeyJpZCI6MTAwNCwidXJsIjoiaHR0cHM6XC9cL3d3dy5zaW5hbmt1bWxhbWFtYWtpbmVsZXJpLmNvbVwvd3AtY29udGVudFwvdXBsb2Fkc1wvMjAyM1wvMTJcL0lNRzIwMjIwOTI4MTcwOTM1LXNjYWxlZC5qcGciLCJzbGlkZXNob3ciOiIzZGJhYjkxNiJ9\" data-elementor-lightbox-title=\"IMG20220928170935\" href='https:\/\/www.sinankumlamamakineleri.com\/wp-content\/uploads\/2023\/12\/IMG20220928170935-scaled.jpg'><img width=\"150\" height=\"150\" src=\"https:\/\/www.sinankumlamamakineleri.com\/wp-content\/uploads\/2023\/12\/IMG20220928170935-150x150.jpg\" class=\"attachment-thumbnail size-thumbnail\" alt=\"\" decoding=\"async\" loading=\"lazy\" \/><\/a>\n\t\t\t<\/div><\/figure>\n\t\t<\/div>\n\t\t<\/div>\n\t\t\t\t<\/div>\n\t\t\t\t<\/div>\n\t\t\t\t\t<\/div>\n\t\t<\/div>\n\t\t\t\t\t\t\t<\/div>\n\t\t<\/section>\n\t\t\t\t<section class=\"elementor-section elementor-top-section elementor-element elementor-element-325fafca elementor-section-content-middle elementor-section-boxed elementor-section-height-default elementor-section-height-default\" data-id=\"325fafca\" data-element_type=\"section\" data-settings=\"{&quot;background_background&quot;:&quot;classic&quot;}\">\n\t\t\t\t\t\t<div class=\"elementor-container elementor-column-gap-default\">\n\t\t\t\t\t<div class=\"elementor-column elementor-col-50 elementor-top-column elementor-element elementor-element-4f619bad\" data-id=\"4f619bad\" data-element_type=\"column\">\n\t\t\t<div class=\"elementor-widget-wrap elementor-element-populated\">\n\t\t\t\t\t\t\t\t<div class=\"elementor-element elementor-element-314b5632 elementor-widget elementor-widget-heading\" data-id=\"314b5632\" data-element_type=\"widget\" data-widget_type=\"heading.default\">\n\t\t\t\t<div class=\"elementor-widget-container\">\n\t\t\t<h3 class=\"elementor-heading-title elementor-size-large\">T\u00fcrbinli Kumlama Makinas\u0131\n<\/h3>\t\t<\/div>\n\t\t\t\t<\/div>\n\t\t\t\t<div class=\"elementor-element elementor-element-169a92cc elementor-widget elementor-widget-text-editor\" data-id=\"169a92cc\" data-element_type=\"widget\" data-widget_type=\"text-editor.default\">\n\t\t\t\t<div class=\"elementor-widget-container\">\n\t\t\t\t\t\t\t<p>Bu sistemde bas\u0131n\u00e7l\u0131 hava yard\u0131m\u0131 ile nozul veya tabancadan p\u00fcsk\u00fcrt\u00fclen a\u015f\u0131nd\u0131r\u0131c\u0131, malzeme \u00fczerindeki g\u00f6revini tamamlad\u0131ktan sonra kabin alt\u0131ndaki b\u00f6lgeden emilerek siklondan ge\u00e7irilir.\u00a0Burada i\u015f g\u00f6rmeyecek boyuta gelen tanecikler toz filtrelerinin yer ald\u0131\u011f\u0131 toz tutma \u00fcnitesine y\u00f6nlendirilir ve i\u015fe yarar iri tanecikler siklon alt\u0131ndan tekrar sisteme dahil olurlar.\u00a0<\/p><p>Vakumlu sisteme oranla 4 kat daha h\u0131zl\u0131 i\u015f yapabilmektedirler. Fabrika ortam\u0131nda k\u00fc\u00e7\u00fck par\u00e7alar\u0131n kumlanmas\u0131na olanak sa\u011flayan kumlama, kabin tipi bas\u0131n\u00e7l\u0131 kumlamad\u0131r. Genellikle fabrikalarda, otomotiv sanayiinde, silah sanayiinde kullan\u0131l\u0131r.\u00a0\u00a0<\/p>\t\t\t\t\t\t<\/div>\n\t\t\t\t<\/div>\n\t\t\t\t\t<\/div>\n\t\t<\/div>\n\t\t\t\t<div class=\"elementor-column elementor-col-50 elementor-top-column elementor-element elementor-element-16a5c06e\" data-id=\"16a5c06e\" data-element_type=\"column\">\n\t\t\t<div class=\"elementor-widget-wrap elementor-element-populated\">\n\t\t\t\t\t\t\t\t<div class=\"elementor-element elementor-element-28691fba elementor-widget elementor-widget-heading\" data-id=\"28691fba\" data-element_type=\"widget\" data-widget_type=\"heading.default\">\n\t\t\t\t<div class=\"elementor-widget-container\">\n\t\t\t<h3 class=\"elementor-heading-title elementor-size-large\">Ask\u0131l\u0131 Kumlama Makinas\u0131\n<\/h3>\t\t<\/div>\n\t\t\t\t<\/div>\n\t\t\t\t<div class=\"elementor-element elementor-element-7f1d56ca elementor-widget elementor-widget-text-editor\" data-id=\"7f1d56ca\" data-element_type=\"widget\" data-widget_type=\"text-editor.default\">\n\t\t\t\t<div class=\"elementor-widget-container\">\n\t\t\t\t\t\t\t<p>G\u00f6zetleme penceresi geni\u015f g\u00f6r\u00fc\u015f alan\u0131na sahiptir.\u00a0Kabin i\u00e7i floresan lamba ile ayd\u0131nlat\u0131lmaktad\u0131r.\u00a0Ayd\u0131nlatma, a\u015f\u0131nd\u0131r\u0131c\u0131 ve tozdan etkilenmeyecek \u015fekilde tasarlanm\u0131\u015ft\u0131r. Eldivenleri kumlamaya dayan\u0131kl\u0131d\u0131r ve kabin i\u00e7i, a\u015f\u0131nmaya dayan\u0131kl\u0131 kau\u00e7uk lastiklerle d\u00f6\u015fenmi\u015ftir.<\/p><p>\u00c7elik bilye, \u00e7elik grit, silis kumu, al\u00fcminyum oksit, cam kumu, plastik medya, ceviz kabu\u011fu gibi a\u015f\u0131nd\u0131r\u0131c\u0131larla \u00e7al\u0131\u015fabilir.\u00a0<\/p><p>Makinalar\u0131m\u0131zda kap\u0131 a\u00e7\u0131ld\u0131\u011f\u0131nda sistemi otomatik olarak durduran g\u00fcvenlik tertibat\u0131 mevcuttur.<\/p><p>\u0130ste\u011fe g\u00f6re kabin i\u00e7i ve d\u0131\u015f\u0131na hareket edebilen d\u00f6ner tabla adapte edilebilmektedir.<\/p>\t\t\t\t\t\t<\/div>\n\t\t\t\t<\/div>\n\t\t\t\t\t<\/div>\n\t\t<\/div>\n\t\t\t\t\t\t\t<\/div>\n\t\t<\/section>\n\t\t\t\t<section class=\"elementor-section elementor-top-section elementor-element elementor-element-872c2e4 elementor-section-boxed elementor-section-height-default elementor-section-height-default\" data-id=\"872c2e4\" data-element_type=\"section\">\n\t\t\t\t\t\t<div class=\"elementor-container elementor-column-gap-default\">\n\t\t\t\t\t<div class=\"elementor-column elementor-col-100 elementor-top-column elementor-element elementor-element-93e6e0a\" data-id=\"93e6e0a\" data-element_type=\"column\">\n\t\t\t<div class=\"elementor-widget-wrap elementor-element-populated\">\n\t\t\t\t\t\t\t\t<div class=\"elementor-element elementor-element-ea939df elementor-widget elementor-widget-shortcode\" data-id=\"ea939df\" data-element_type=\"widget\" data-widget_type=\"shortcode.default\">\n\t\t\t\t<div class=\"elementor-widget-container\">\n\t\t\t\t\t<div class=\"elementor-shortcode\"><div id=\"footable_parent_368\"\n         class=\" footable_parent ninja_table_wrapper loading_ninja_table wp_table_data_press_parent semantic_ui \">\n                <table data-ninja_table_instance=\"ninja_table_instance_0\" data-footable_id=\"368\" data-filter-delay=\"1000\" aria-label=\"Bas\u0131n\u00e7l\u0131 Kabin Kumlama Makinesi\"            id=\"footable_368\"\n           data-unique_identifier=\"ninja_table_unique_id_1521052262_368\"\n           class=\" foo-table ninja_footable foo_table_368 ninja_table_unique_id_1521052262_368 ui table  nt_type_ajax_table selectable striped vertical_centered  footable-paging-right ninja_table_search_disabled\">\n                <colgroup>\n                            <col class=\"ninja_column_0 \">\n                            <col class=\"ninja_column_1 \">\n                            <col class=\"ninja_column_2 \">\n                            <col class=\"ninja_column_3 \">\n                    <\/colgroup>\n            <\/table>\n    \n    \n    \n<\/div>\n<\/div>\n\t\t\t\t<\/div>\n\t\t\t\t<\/div>\n\t\t\t\t\t<\/div>\n\t\t<\/div>\n\t\t\t\t\t\t\t<\/div>\n\t\t<\/section>\n\t\t\t\t\t\t\t<\/div>\n\t\t","protected":false},"excerpt":{"rendered":"<p>Bas\u0131n\u00e7l\u0131 Kabin Kumlama Makinesi Sinan Kumlama Makineleri\u00a0Kabin Tipi Bas\u0131n\u00e7l\u0131 Kumlama Makinalar\u0131 jet-pulse sistem, otomatik zaman ayarl\u0131, kendini temizleyebilen y\u00fcksek emi\u015f g\u00fcc\u00fcne sahip, geri beslemeli makinalard\u0131r. Kabin sistemleri, emi\u015fli tip ve bas\u0131n\u00e7l\u0131 tip olarak ikiye ayr\u0131l\u0131r. Emi\u015fli sistemde tabanca kullan\u0131l\u0131r. P\u00fcr\u00fczlendirme ve temizlik bas\u0131n\u00e7l\u0131 sisteme g\u00f6re daha azd\u0131r. Bas\u0131n\u00e7l\u0131 sistemde ise nozul kullan\u0131l\u0131r ve yapt\u0131\u011f\u0131 p\u00fcr\u00fczlendirme [&hellip;]<\/p>\n","protected":false},"author":1,"featured_media":0,"parent":0,"menu_order":0,"comment_status":"closed","ping_status":"closed","template":"","meta":[],"_links":{"self":[{"href":"https:\/\/www.sinankumlamamakineleri.com\/index.php\/wp-json\/wp\/v2\/pages\/304"}],"collection":[{"href":"https:\/\/www.sinankumlamamakineleri.com\/index.php\/wp-json\/wp\/v2\/pages"}],"about":[{"href":"https:\/\/www.sinankumlamamakineleri.com\/index.php\/wp-json\/wp\/v2\/types\/page"}],"author":[{"embeddable":true,"href":"https:\/\/www.sinankumlamamakineleri.com\/index.php\/wp-json\/wp\/v2\/users\/1"}],"replies":[{"embeddable":true,"href":"https:\/\/www.sinankumlamamakineleri.com\/index.php\/wp-json\/wp\/v2\/comments?post=304"}],"version-history":[{"count":25,"href":"https:\/\/www.sinankumlamamakineleri.com\/index.php\/wp-json\/wp\/v2\/pages\/304\/revisions"}],"predecessor-version":[{"id":1020,"href":"https:\/\/www.sinankumlamamakineleri.com\/index.php\/wp-json\/wp\/v2\/pages\/304\/revisions\/1020"}],"wp:attachment":[{"href":"https:\/\/www.sinankumlamamakineleri.com\/index.php\/wp-json\/wp\/v2\/media?parent=304"}],"curies":[{"name":"wp","href":"https:\/\/api.w.org\/{rel}","templated":true}]}}